Let g(f) = f**3 + 12*f**2 - 21*f - 20. What are the prime factors of g(-13)?
2, 3, 7
Suppose -15*k + 11*k = -596. List the prime factors of k.
149
Let r = 4 - 2. Let z(q) = -4 + q**3 + r - 4*q - 1 + 2*q**2. What are the prime factors of z(-2)?
5
List the prime factors of (-952)/(-6) - (-4)/(-6).
2, 79
Suppose -87 = -t - 15. Suppose 2*n + n = -2*s + 63, -3*n + t = 5*s. List the prime factors of n.
19
Let w = -4 + 9. Suppose -71 = -w*q - 26. What are the prime factors of q?
3
Let x = 12 - -283. List the prime factors of x.
5, 59
Let m = 87 + -27. Suppose 3*f = -f + m. List the prime factors of f.
3, 5
Let f be (2/4 + -3)*-2. Let x = f - -2. List the prime factors of x.
7
Let i = 4 + -3. Suppose 5*x = 2*w - i - 3, x - 23 = -3*w. Suppose 5*q + 5*a - 10 = 0, w*a = 4*q + 2*a - 8. What are the prime factors of q?
2
Let z(u) = u**3 + 4*u**2 - 2*u - 6. Let i be z(-4). Let l(s) = 3 - 3*s**3 + i*s**3 - 7*s - 8*s**2 - 2*s**3 + 2*s**3. What are the prime factors of l(-7)?
3
Suppose -2*u - 2*d + 2 = 3*u, 2*d = 2. Let a be (0 + 0)/(u - 3). Suppose 2*c + 63 = 5*f, 3*f + a*c - c - 38 = 0. What are the prime factors of f?
13
Let a = -33 + 107. What are the prime factors of a?
2, 37
Let t(x) = -x - 1. Let v be t(-6). Suppose 5*s - 8 = 12. Suppose -2*i - l = -s, -3*i + 2*i - v*l = -2. List the prime factors of i.
2
Let o be (-125)/(-10) - 2/4. Let h(w) = -6*w + 2*w**2 - 6*w + 9 - w**2. List the prime factors of h(o).
3
List the prime factors of ((-152)/20)/(3/(-45)).
2, 3, 19
What are the prime factors of 8/24 - (-2499)/9?
2, 139
Suppose 55 = -3*u + 181. Suppose l - 2*y - 8 = -2*l, -3*l + 4 = 2*y. List the prime factors of (l/(-6))/((-2)/u).
7
Let d(g) = 3*g**2 - 11*g - 3. List the prime factors of d(6).
3, 13
Suppose 2*q - 4 = -3*s, 0 = 5*q + 6*s - 4*s + 1. Let c = 3 + q. Suppose -c*m - 4*p = 2*m - 20, 0 = -p - 1. What are the prime factors of m?
2, 3
Let j be 1/((-3)/42)*-1. Let a = j - 10. List the prime factors of a.
2
Let v be (0 - -1)/(4/8). Let o be (-9)/7 - v/(-7). What are the prime factors of (-95)/(-15) + o/3?
2, 3
What are the prime factors of (-176)/(-40) - (-2)/(-5)?
2
Suppose 5*m - 4*m = -4*f - 3, -4*m - 46 = -f. Let g(w) = -w**3 - 10*w**2 + 10*w - 9. List the prime factors of g(m).
2
Let w = -128 - -182. What are the prime factors of w?
2, 3
Let j(s) = -s**2 - 3*s + 3. Let w be j(-3). Suppose -6*a + w*a = -15. List the prime factors of a.
5
Let m(b) = b**3 - 5*b**2 + 4*b + 5. Suppose -16 - 4 = -5*z. What are the prime factors of m(z)?
5
Let d(p) = p**3 - p**2 - p. Let r(x) = -26*x**3 + 5*x**2 + 5*x + 1. Let o(u) = -5*d(u) - r(u). List the prime factors of o(1).
2, 5
Let z(o) = 4*o**2 - 9*o + 6. Let d be z(6). Let u = -68 + d. Suppose -5*v = b - u, 0*v + v = -3*b. List the prime factors of v.
2, 3
Let a be (-15)/2*28/(-35). Let w be a/(9/(-60)*2). List the prime factors of (-65)/w + (-2)/8.
3
Let z = 48 - -1. What are the prime factors of z?
7
Let q(k) = 80*k**2 + k. List the prime factors of q(1).
3
Suppose o + 4*o + 5 = 0. Let v(c) = -4*c**3. Let g be v(o). Suppose -2*t - 34 = -g*t. List the prime factors of t.
17
Suppose 3*q - 945 = -b + 6*b, -3*b + 649 = 2*q. Suppose 0 = 4*u, 8*d + 3*u = 3*d - q. List the prime factors of d/24*(-42)/8.
2, 7
Suppose 0 = -2*c + 30 - 10. What are the prime factors of c?
2, 5
List the prime factors of 147/84*(9 + -1).
2, 7
Let b(u) = -u + 8. Let c(t) = 4*t - 32. Let f(o) = 9*b(o) + 2*c(o). What are the prime factors of f(4)?
2
Let r be (0 + 1)*(3 + -6). Let i = r - -9. List the prime factors of i.
2, 3
Let g = -45 + 57. List the prime factors of g.
2, 3
Let x(i) = -2*i + 7. Let r = -1 - 3. What are the prime factors of x(r)?
3, 5
Let v(o) = o**3 + 2*o**2. Let c be v(-2). Suppose c = 5*g - g - 56. What are the prime factors of g?
2, 7
Suppose -13 = w + 5*x - 36, 5*w = -x - 5. Let r = w + 8. Suppose -b - 55 = -r*b. What are the prime factors of b?
11
Let j = 110 - 29. List the prime factors of j.
3
Let v(i) = -9*i + 1. What are the prime factors of v(-5)?
2, 23
Let n(v) = -v**3 - 2*v**2 - 3*v - 9. Let k be 10*2/4*1. Let p(g) = -2*g**3 - 3*g**2 - 5*g - 17. Let s(o) = k*n(o) - 3*p(o). List the prime factors of s(0).
2, 3
Let y be (-8 + -2)*(6 - 22). What are the prime factors of (-1)/(-4)*y/8?
5
Let q be 32 - 10 - (-2)/2. Suppose 4*k - 9 = q. Let r(f) = 2*f - 2. What are the prime factors of r(k)?
2, 7
Let u(o) = -o**3 - 4*o**2 + 5*o + 1. Let x be u(-5). Let y be ((-1)/x)/(1/(-2)). Let i = y + 1. What are the prime factors of i?
3
Suppose -250 = -8*f + 3*f. Suppose 4*k + 6 - f = 0. What are the prime factors of k?
11
Suppose 4*i = -14 + 234. List the prime factors of i.
5, 11
Let l = -8 + 5. Let z(o) = 22*o + 10. Let x be z(-3). List the prime factors of (l/2)/(6/x).
2, 7
Let v(i) = -5*i**3 + i**2 - i - 1. Let a be v(-1). Suppose r - a = 8. What are the prime factors of r?
2, 7
Suppose 4*o = 5*q - 255, -q = o + 7 - 49. Let j = q + -23. What are the prime factors of j?
2, 3
Suppose 4*c + m = -1 + 10, 5*c - 5*m - 5 = 0. List the prime factors of c.
2
Let p = -9 + 9. Suppose -3*n = -5*u - 67, p*n + 4*n = 4*u + 84. What are the prime factors of n?
19
Suppose 2*c - 42 = -u + 17, -2*u = -3*c - 90. What are the prime factors of u?
3, 17
Suppose 4*w - 47 = -5*n + 2*w, 0 = -4*w + 4. Let a = 19 - n. What are the prime factors of a?
2, 5
Let c(v) = v**3 + 7*v**2 - v. Let g be c(-7). Suppose -5*y = b + 4*b - 15, y - b = g. Let r = y - -5. List the prime factors of r.
2, 5
Let p(w) be the third derivative of 0*w - 1/12*w**4 + 1/10*w**5 - 1/3*w**3 + w**2 + 0. List the prime factors of p(2).
2, 3
Let f(t) = 7*t**2 + t - 1. Let c(d) = -d**3 + d. Let s be c(0). Let p = 1 - s. List the prime factors of f(p).
7
Let q(z) = -5 - 3*z - 2 - 2. Let w(t) = 7*t**3 + 2*t**2 - 1. Let y be w(-1). List the prime factors of q(y).
3
Let f = 666 - 435. List the prime factors of f.
3, 7, 11
List the prime factors of (-1 - -3)/((-8)/(-564)).
3, 47
Suppose -4*u - 2*x = -2*u - 10, 5*u - 3*x = 25. Suppose 0 = -u*n + 6 + 54. Suppose 0*r = -r + n. What are the prime factors of r?
2, 3
Let m = 580 + -406. What are the prime factors of m?
2, 3, 29
Let b = -27 + 83. Suppose 5*t = t + b. List the prime factors of t.
2, 7
Suppose 0*q = -q + 54. Let w = q - -1. Suppose -3*f - 19 = -w. List the prime factors of f.
2, 3
Let w(q) = -4*q - 4. Let j = -18 - -12. List the prime factors of w(j).
2, 5
What are the prime factors of (9 - (6 - 3))*3?
2, 3
Let m(w) = 33*w**3 + w**2 - 1. Let c be 4/(3 + 5)*2. What are the prime factors of m(c)?
3, 11
Suppose -5*j - 5*o + 65 = 0, 3*o = 5*j - 26 - 15. Let k = 17 - j. Let h = -2 + k. List the prime factors of h.
5
Suppose 74 - 1 = 3*p - 2*g, 0 = 3*p + 3*g - 48. Let h = p - -9. What are the prime factors of h?
2, 3, 5
Suppose 1 + 1 = -2*x + 3*s, -8 = -4*s. List the prime factors of x.
2
Let q(s) = 86*s**2 - 2*s - 6. List the prime factors of q(-2).
2, 3, 19
Let c(w) = w**3 + 2*w**3 + 12 - 10*w**2 - 8*w - 4*w**3. List the prime factors of c(-9).
3
What are the prime factors of 2/(-3*(-3)/522)?
2, 29
Let a = 14 + -20. List the prime factors of (-53)/(-5) + a/(-15).
11
Suppose -4*n - 9 = a + 2, 4*a + 2*n + 2 = 0. What are the prime factors of (1 + (-1 - a))*-16?
2
Let t = 84 - -41. List the prime factors of t.
5
Suppose 0 = -x - 22 + 2. List the prime factors of ((-12)/x)/((-1)/(-5)).
3
Let i(r) = -r**2 - 5. Let f be i(0). Let y = -7 + f. List the prime factors of (-171)/y - (-4)/(-16).
2, 7
Let h(i) = -19*i + 24. What are the prime factors of h(-6)?
2, 3, 23
Let f(y) be the first derivative of -y**7/840 + y**4/12 + 2*y**3/3 - 2. Let d(w) be the third derivative of f(w). List the prime factors of d(0).
2
Suppose -2*l = -l - 72. What are the prime factors of l?
2, 3
Let s = 8 + -1. List the prime factors of s.
7
Suppose 9 + 166 = 5*v + 2*q, 4*v = -q + 137. Suppose 8*k - 2*y = 6*k + 14, -7 = -4*k - 3*y. Suppose -k*s + 7 = -v. What are the prime factors of s?
2, 5
Let s(w) = -w**2 - 9*w + 13. Suppose -3*j - 7 = -4*p + 3, 3*p = 5*j + 35. List the prime factors of s(j).
3
Let z = -41 - -26. Let y = z + 24. List the prime factors of y.
3
Suppose 6 = -2*d + 5*d. Suppose -2*u = -8 + d. List the prime factors of u.
3
Suppose n + 3*o = 14, 0*o = o - 4. What are the prime factors of n?
2
Suppose -5*m - g - 4*g = -10, 3*m = 5*g + 14. Suppos